57 a factor of 12728?
False
Is 1219 a multiple of 37?
False
Does 16 divide 800?
True
Is 27 a factor of 12715?
False
Is 726 a multiple of 66?
True
Does 123 divide 6765?
True
Is 4 a factor of 7541?
False
Does 56 divide 2520?
True
Is 5985 a multiple of 19?
True
Does 81 divide 6561?
True
Does 46 divide 5898?
False
Is 65 a factor of 4224?
False
Does 2 divide 3167?
False
Does 35 divide 7840?
True
Is 60 a multiple of 10?
True
Is 40618 a multiple of 46?
True
Is 7356 even?
True
Does 79 divide 1659?
True
Is 73222 a multiple of 59?
False
Does 85 divide 18705?
False
Is 6639 a multiple of 10?
False
Does 18 divide 2012?
False
Is 22 a factor of 1132?
False
Is 8 a factor of 7481?
False
Does 8 divide 323?
False
Is 98 a factor of 2983?
False
Does 78 divide 62232?
False
Is 520 a multiple of 40?
True
Is 494 a multiple of 19?
True
Is 31 a factor of 113612?
False
Does 148 divide 25900?
True
Is 11 a factor of 859?
False
Is 2075 a multiple of 69?
False
Does 10 divide 306?
False
Is 20 a factor of 1000?
True
Is 1827 a multiple of 11?
False
Is 100 a factor of 29900?
True
Does 16 divide 48?
True
Is 149 a factor of 27660?
False
Is 107 a factor of 1712?
True
Is 43 a factor of 4049?
False
Is 8 a factor of 96?
True
Is 264 a multiple of 10?
False
Is 746 a multiple of 2?
True
Is 2655 a multiple of 15?
True
Is 9 a factor of 23275?
False
Is 122 even?
True
Is 9540 a multiple of 15?
True
Is 12 a factor of 60?
True
Is 432 a multiple of 48?
True
Is 5454 a multiple of 9?
True
Is 3810 a multiple of 11?
False
Is 77 a factor of 62466?
False
Does 6 divide 19104?
True
Is 35 a factor of 3850?
True
Is 29 a factor of 899?
True
Is 23 a factor of 5096?
False
Is 54 a factor of 1566?
True
Does 9 divide 318?
False
Is 58 a multiple of 29?
True
Is 55 a factor of 3336?
False
Is 10 a factor of 390?
True
Is 10 even?
True
Does 89 divide 8825?
False
Is 5964 a multiple of 21?
True
Is 15920 a multiple of 40?
True
Does 4 divide 16289?
False
Is 408 a multiple of 68?
True
Does 39 divide 234?
True
Is 12645 a multiple of 9?
True
Does 11 divide 10327?
False
Is 6528 a multiple of 8?
True
Is 6723 a multiple of 11?
False
Does 57 divide 51199?
False
Does 35 divide 2981?
False
Is 130 a factor of 39734?
False
Does 23 divide 3013?
True
Is 96 a multiple of 16?
True
Is 4 a factor of 565?
False
Does 29 divide 764?
False
Does 158 divide 10917?
False
Is 18094 a multiple of 12?
False
Is 22 a factor of 10802?
True
Is 32 a factor of 2272?
True
Does 16 divide 516?
False
Does 182 divide 67340?
True
Is 22904 a multiple of 103?
False
Does 50 divide 700?
True
Does 81 divide 1134?
True
Is 14198 a multiple of 53?
False
Is 611 a multiple of 47?
True
Is 33 a factor of 1056?
True
Is 2197 a multiple of 2?
False
Is 9 a factor of 333?
True
Is 638 a multiple of 5?
False
Does 8 divide 326?
False
Is 4920 a multiple of 20?
True
Is 8784 a multiple of 18?
True
Is 11 a factor of 21032?
True
Does 29 divide 25781?
True
Is 235 a factor of 6598?
False
Is 15 a factor of 720?
True
Is 24 a factor of 1296?
True
Is 22 a factor of 983?
False
Is 748 a multiple of 11?
True
Does 9 divide 7514?
False
Does 92 divide 5313?
False
Does 3 divide 8949?
True
Does 36 divide 18819?
False
Is 6 a factor of 231?
False
Is 20 a factor of 33761?
False
Does 12 divide 3636?
True
Is 5470 a multiple of 41?
False
Is 26 a factor of 2219?
False
Is 189 a factor of 7501?
False
Is 1608 a multiple of 12?
True
Is 8 a factor of 1776?
True
Is 411 a multiple of 18?
False
Is 4 a factor of 164?
True
Does 3 divide 994?
False
Is 9 a factor of 19?
False
Does 44 divide 206?
False
Is 103 a factor of 3109?
False
Does 12 divide 1176?
True
Is 9 a factor of 3690?
True
Does 51 divide 25704?
True
Is 26 a factor of 9412?
True
Is 3018 a multiple of 12?
False
Is 1760 a multiple of 44?
True
Is 70974 a multiple of 74?
False
Is 5 a factor of 165?
True
Is 1755 a multiple of 9?
True
Does 18 divide 4836?
False
Does 11 divide 2838?
True
Is 1649 a multiple of 17?
True
Is 4147 a multiple of 84?
False
Is 54000 a multiple of 30?
True
Is 88 a multiple of 16?
False
Is 9 a factor of 2780?
False
Is 21 a factor of 1407?
True
Does 72 divide 7934?
False
Is 17 a factor of 391?
True
Is 13350 a multiple of 83?
False
Is 34 a factor of 19516?
True
Is 2192 a multiple of 16?
True
Does 47 divide 14535?
False
Does 7 divide 81372?
False
Does 29 divide 2001?
True
Does 5 divide 83372?
False
Is 60 a factor of 6360?
True
Is 9472 a multiple of 74?
True
Does 32 divide 4131?
False
Does 40 divide 160?
True
Is 748 a multiple of 11?
True
Does 3 divide 189?
True
Is 91 a multiple of 13?
True
Does 69 divide 8556?
True
Does 40 divide 2200?
True
Is 876 a multiple of 6?
True
Is 108 a factor of 68063?
False
Is 6 a factor of 22596?
True
Is 10 a factor of 280?
True
Is 229 a multiple of 3?
False
Does 43 divide 1111?
False
Is 7176 a multiple of 26?
True
Does 24 divide 6144?
True
Is 958 even?
True
Does 61 divide 1342?
True
Does 24 divide 12144?
True
Does 4 divide 1104?
True
Is 2913 a multiple of 36?
False
Does 62 divide 95091?
False
Does 25 divide 1206?
False
Is 11 a factor of 1859?
True
Is 6747 a multiple of 36?
False
Does 18 divide 28350?
True
Is 3522 a multiple of 9?
False
Is 4 a factor of 11505?
False
Does 30 divide 17478?
False
Is 57250 a multiple of 50?
True
Does 62 divide 33915?
False
Is 59 a factor of 826?
True
Does 6 divide 22146?
True
Does 37 divide 1480?
True
Is 53 a factor of 3529?
False
Does 70 divide 1957?
False
Is 16 a factor of 1616?
True
Does 367 divide 121012?
False
Is 4816 a multiple of 112?
True
Is 34 a factor of 590?
False
Does 18 divide 1949?
False
Does 20 divide 76?
False
Does 42 divide 10014?
False
Is 6893 a multiple of 39?
False
Does 99 divide 6930?
True
Does 3 divide 606?
True
Is 36 a factor of 150?
False
Does 41 divide 1886?
True
Is 5304 a multiple of 104?
True
Is 383 a factor of 21506?
False
Is 464 a multiple of 24?
False
Is 33 a factor of 42009?
True
Is 116 a factor of 40020?
True
Does 17 divide 935?
True
Is 5 a factor of 475?
True
Is 206 a multiple of 14?
False
Is 15 a factor of 498?
False
Is 2 a factor of 203?
False
Does 85 divide 3230?
True
Does 14 divide 336?
True
Is 11 a factor of 154231?
True
Is 198 a factor of 1386?
True
Does 21 divide 135681?
True
Is 1827 a multiple of 7?
True
Is 350 a multiple of 5?
True
Does 3 divide 654?
True
Is 80 a factor of 10114?
False
Is 68 a multiple of 34?
True
Is 19 a factor of 21611?
False
Is 18 a factor of 540?
True
Is 24 a factor of 126?
False
Is 2156 a multiple of 22?
True
Does 4 divide 61?
False
Is 217 a multiple of 17?
False
Does 6 divide 4044?
True
Is 202 a factor of 42739?
False
Is 5670 even?
True
Is 8 a factor of 512?
True
Is 9 a factor of 1583?
False
Does 7 divide 6959?
False
Is 30883 a multiple of 347?
True
Is 158 a factor of 11376?
True
Is 111 a factor of 24802?
False
Does 16 divide 44516?
False
Does 225 divide 19125?
True
Does 12 divide 132?
True
Is 10 a factor of 450?
True
Is 4194 a multiple of 18?
True
Does 49 divide 600?
False
Does 45 divide 1150?
False
Is 115 a multiple of 10?
False
Is 14 a factor of 5474?
True
Does 104 divide 17889?
False
Does 12 divide 1055?
False
Does 18 divide 27306?
True
Is 58 a factor of 913?
False
Is 137 a multiple of 20?
False
Is 50 a factor of 246?
False
Is 12909 a multiple of 39?
True
Is 9 a factor of 477?
True
Is 479 a multiple of 21?
False
Does 49 divide 1176?
True
Is 10810 a multiple of 235?
True
Does 15 divide 900?
True
Is 42 a factor of 294?
True
Is 8 a multiple of 4?
True
Is 92 a factor of 45632?
True
Is 2351 a multiple of 45?
False
Does 27 divide 1367?
False
Does 29 divide 1624?
True
Is 33 a factor of 12343?
False
Is 4993 a multiple of 8?
False
Is 184 a factor of 7335?
False
Is 2044 a multiple of 28?
True
Does 21 divide 570?
False
Is 99975 a multiple of 88?
False
Is 44313 a multiple of 28?
False
Does 10 divide 2380?
True
Does 6 divide 2148?
True
Does 18 divide 6760?
False
Is 6 a factor of 32?
False
Is 1238 a multiple of 13?
False
Does 27 divide 35208?
True
Does 41 divide 13735?
True
Is 1560 a multiple of 65?
True
Is 11 a factor of 8173?
True
Does 25 divide 6204?
False
Does 9 divide 400?
False
Is 28 a factor of 9327?
False
Does 23 divide 2185?
True
Is 40 a factor of 2384?
False
Is 22 a factor of 64922?
True
Is 15 a factor of 180?
True
Is 2 a factor of 307?
False
Is 101 a factor of 25394?
False
Is 6 a factor of 639?
False
Does 46 divide